 of 4775?
7
What is the units digit of 2025?
5
What is the thousands digit of 3242?
3
What is the tens digit of 1422?
2
What is the units digit of 2912?
2
What is the hundreds digit of 3671?
6
What is the hundreds digit of 1884?
8
What is the thousands digit of 5536?
5
What is the hundreds digit of 1124?
1
What is the units digit of 995?
5
What is the tens digit of 11?
1
What is the units digit of 1572?
2
What is the tens digit of 13495?
9
What is the units digit of 49588?
8
What is the units digit of 9328?
8
What is the units digit of 36282?
2
What is the tens digit of 139533?
3
What is the thousands digit of 77317?
7
What is the thousands digit of 7363?
7
What is the hundreds digit of 7408?
4
What is the units digit of 2461?
1
What is the tens digit of 388?
8
What is the ten thousands digit of 24058?
2
What is the thousands digit of 22864?
2
What is the units digit of 983?
3
What is the tens digit of 703?
0
What is the tens digit of 16134?
3
What is the thousands digit of 52030?
2
What is the units digit of 1098?
8
What is the ten thousands digit of 12796?
1
What is the ten thousands digit of 65356?
6
What is the hundreds digit of 448?
4
What is the units digit of 3552?
2
What is the tens digit of 1030?
3
What is the hundreds digit of 928?
9
What is the units digit of 3420?
0
What is the tens digit of 34250?
5
What is the hundreds digit of 7494?
4
What is the thousands digit of 3479?
3
What is the units digit of 1018?
8
What is the hundreds digit of 15306?
3
What is the ten thousands digit of 35539?
3
What is the units digit of 536?
6
What is the tens digit of 1024?
2
What is the hundreds digit of 2322?
3
What is the hundreds digit of 2230?
2
What is the tens digit of 18011?
1
What is the tens digit of 48458?
5
What is the thousands digit of 9577?
9
What is the thousands digit of 51318?
1
What is the hundreds digit of 2764?
7
What is the units digit of 4352?
2
What is the thousands digit of 8431?
8
What is the units digit of 2597?
7
What is the hundreds digit of 168?
1
What is the hundreds digit of 107459?
4
What is the units digit of 27?
7
What is the thousands digit of 13677?
3
What is the thousands digit of 35822?
5
What is the thousands digit of 6708?
6
What is the tens digit of 839?
3
What is the ten thousands digit of 57441?
5
What is the units digit of 32702?
2
What is the units digit of 2093?
3
What is the hundreds digit of 22730?
7
What is the tens digit of 3357?
5
What is the thousands digit of 149937?
9
What is the hundreds digit of 5640?
6
What is the units digit of 346?
6
What is the thousands digit of 11500?
1
What is the hundreds digit of 11312?
3
What is the units digit of 1635?
5
What is the tens digit of 806?
0
What is the units digit of 8356?
6
What is the tens digit of 1538?
3
What is the thousands digit of 11513?
1
What is the units digit of 63208?
8
What is the ten thousands digit of 155512?
5
What is the units digit of 33910?
0
What is the tens digit of 288?
8
What is the thousands digit of 55108?
5
What is the units digit of 28291?
1
What is the units digit of 46430?
0
What is the units digit of 11015?
5
What is the tens digit of 86?
8
What is the tens digit of 9955?
5
What is the thousands digit of 22241?
2
What is the thousands digit of 2311?
2
What is the tens digit of 692?
9
What is the ten thousands digit of 71682?
7
What is the hundreds digit of 936?
9
What is the hundreds digit of 277?
2
What is the tens digit of 523?
2
What is the tens digit of 839?
3
What is the hundreds digit of 13295?
2
What is the units digit of 112?
2
What is the ten thousands digit of 16748?
1
What is the units digit of 125?
5
What is the units digit of 623?
3
What is the ten thousands digit of 10270?
1
What is the units digit of 15973?
3
What is the thousands digit of 20713?
0
What is the ten thousands digit of 10901?
1
What is the hundreds digit of 651?
6
What is the ten thousands digit of 41602?
4
What is the units digit of 2897?
7
What is the units digit of 1244?
4
What is the hundreds digit of 46731?
7
What is the hundreds digit of 2863?
8
What is the units digit of 415?
5
What is the tens digit of 190?
9
What is the units digit of 585?
5
What is the tens digit of 879?
7
What is the hundreds digit of 663?
6
What is the units digit of 507?
7
What is the ten thousands digit of 26599?
2
What is the tens digit of 100?
0
What is the thousands digit of 3552?
3
What is the tens digit of 22255?
5
What is the tens digit of 20188?
8
What is the thousands digit of 11561?
1
What is the hundreds digit of 2466?
4
What is the tens digit of 19968?
6
What is the thousands digit of 1927?
1
What is the ten thousands digit of 150210?
5
What is the units digit of 2858?
8
What is the ten thousands digit of 98396?
9
What is the units digit of 5919?
9
What is the thousands digit of 3929?
3
What is the units digit of 1161?
1
What is the thousands digit of 6410?
6
What is the units digit of 9106?
6
What is the tens digit of 16226?
2
What is the hundreds digit of 1462?
4
What is the thousands digit of 48703?
8
What is the units digit of 16339?
9
What is the tens digit of 2282?
8
What is the hundreds digit of 56679?
6
What is the hundreds digit of 5420?
4
What is the thousands digit of 1963?
1
What is the hundreds digit of 39683?
6
What is the thousands digit of 74757?
4
What is the ten thousands digit of 59509?
5
What is the tens digit of 43733?
3
What is the thousands digit of 11182?
1
What is the thousands digit of 2204?
2
What is the hundreds digit of 865?
8
What is the hundreds digit of 2468?
4
What is the tens digit of 6632?
3
What is the tens digit of 32862?
6
What is the units digit of 6196?
6
What is the tens digit of 21?
2
What is the tens digit of 718?
1
What is the thousands digit of 22892?
2
What is the hundreds digit of 17133?
1
What is the units digit of 27220?
0
What is the tens digit of 1564?
6
What is the tens digit of 39540?
4
What is the units digit of 5720?
0
What is the tens digit of 56213?
1
What is the hundreds digit of 47225?
2
What is the thousands digit of 32297?
2
What is the ten thousands digit of 52256?
5
What is the units digit of 2637?
7
What is the units digit of 1206?
6
What is the tens digit of 58707?
0
What is the units digit of 10721?
1
What is the hundreds digit of 8668?
6
What is the hundreds digit of 965?
9
What is the units digit of 744?
4
What is the hundreds digit of 2521?
5
What is the thousands digit of 96529?
6
What is the thousands digit of 3142?
3
What is the thousands digit of 10989?
0
What is the units digit of 13218?
8
What is the thousands digit of 32154?
2
What is the units digit of 973?
3
What is the tens digit of 1528?
2
What is the hundreds digit of 1550?
5
What is the thousands digit of 2468?
2
What is the units digit of 19326?
6
What is the tens digit of 653?
5
What is the tens digit of 8860?
6
What is the hundreds digit of 59657?
6
What is the thousands digit of 137824?
7
What is the units digit of 4925?
5
What is the thousands digit of 2799?
2
What is the hundreds digit of 169?
1
What is the hundreds digit of 933?
9
What is the thousands digit of 61887?
1
What is the thousands digit of 3540?
3
What is the tens digit of 180849?
4
What is the tens digit of 3304?
0
What is the units digit of 5635?
5
What is the ten thousands digit of 11452?
1
What is the tens digit of 1270?
7
What is the tens digit of 6726?
2
What is the tens digit of 1200?
0
What is the thousands digit of 13577?
3
What is the hundreds digit of 876?
8
What is the units digit of 1469?
9
What is the hundreds digit of 28027?
0
What is the tens digit of 77?
7
What is the tens digit of 1849?
4
What is the ten thousands digit of 97008?
9
What is the units digit of 1362?
2
What is the tens digit of 32986?
8
What is the units digit of 6027?
7
What is the tens digit of 6503?
0
What is the tens digit of 590?
9
What is the tens digit of 6049?
4
What is the tens digit of 6994?
9
What is the units digit of 9220?
0
What is the hundreds digit of 806?
8
What is the units digit of 1885?
5
What is the hundreds digit of 1011?
0
What is the tens digit of 82356?
5
What is the units digit of 101?
1
What is the thousands digit of 8647?
8
What is the hundreds digit of 1681?
6
What is the thousands digit of 60228?
0
What is the ten thousands digit of 35701?